ded by 2741.
89
What is the remainder when 748177 is divided by 756?
493
Calculate the remainder when 14257925 is divided by 176.
165
Calculate the remainder when 4394971 is divided by 512.
475
Calculate the remainder when 391668 is divided by 130535.
63
Calculate the remainder when 136915 is divided by 311.
75
What is the remainder when 358125 is divided by 71616?
45
What is the remainder when 9962096 is divided by 20?
16
What is the remainder when 101833 is divided by 1477?
1397
Calculate the remainder when 5580712 is divided by 1860234.
10
What is the remainder when 744092 is divided by 743923?
169
Calculate the remainder when 36392397 is divided by 72.
69
What is the remainder when 33340045 is divided by 1636?
1
What is the remainder when 173078354 is divided by 57692774?
32
Calculate the remainder when 1817378 is divided by 24.
2
What is the remainder when 30728 is divided by 694?
192
What is the remainder when 1061406 is divided by 311?
274
What is the remainder when 15569 is divided by 3788?
417
What is the remainder when 44024382 is divided by 6746?
6732
What is the remainder when 901696 is divided by 4194?
4180
Calculate the remainder when 824266 is divided by 34327.
418
What is the remainder when 1007470 is divided by 90?
10
What is the remainder when 554304 is divided by 50388?
36
What is the remainder when 1288820 is divided by 4992?
884
What is the remainder when 9562760 is divided by 144?
8
Calculate the remainder when 2846798 is divided by 5705.
3
Calculate the remainder when 4251 is divided by 485.
371
What is the remainder when 204169 is divided by 1927?
1834
What is the remainder when 50940 is divided by 23514?
3912
Calculate the remainder when 675572 is divided by 418.
84
What is the remainder when 2285427 is divided by 761790?
57
What is the remainder when 3059792 is divided by 443?
434
What is the remainder when 5753966 is divided by 706?
66
Calculate the remainder when 24147759 is divided by 1391.
1390
What is the remainder when 547459 is divided by 2762?
583
What is the remainder when 75263309 is divided by 46?
41
Calculate the remainder when 783828 is divided by 1682.
16
What is the remainder when 295299 is divided by 618?
513
Calculate the remainder when 20453820 is divided by 413.
408
What is the remainder when 2958563 is divided by 227565?
218
What is the remainder when 2217255 is divided by 118?
35
What is the remainder when 616205 is divided by 616196?
9
Calculate the remainder when 7704509 is divided by 76.
9
What is the remainder when 191869 is divided by 127?
99
What is the remainder when 62297503 is divided by 49838?
3
What is the remainder when 77664877 is divided by 38832429?
19
What is the remainder when 3418203 is divided by 2227?
1985
What is the remainder when 171589 is divided by 9895?
3374
What is the remainder when 946150 is divided by 336?
310
What is the remainder when 476298 is divided by 18318?
30
What is the remainder when 643043 is divided by 269?
133
Calculate the remainder when 147199608 is divided by 50.
8
What is the remainder when 1060697877 is divided by 120?
117
Calculate the remainder when 301239369 is divided by 304.
297
What is the remainder when 8446456 is divided by 662?
660
What is the remainder when 90379 is divided by 8053?
1796
What is the remainder when 178176 is divided by 1142?
24
Calculate the remainder when 6048578 is divided by 664.
202
What is the remainder when 47271938 is divided by 1142?
1132
Calculate the remainder when 520651 is divided by 7983.
1756
What is the remainder when 10064825 is divided by 124?
117
What is the remainder when 56611932 is divided by 9?
6
Calculate the remainder when 41478490 is divided by 270.
10
Calculate the remainder when 27946746 is divided by 1842.
1764
Calculate the remainder when 52927612 is divided by 16.
12
Calculate the remainder when 3432653 is divided by 1886.
133
What is the remainder when 7341104 is divided by 62?
56
What is the remainder when 1058529635 is divided by 164?
163
Calculate the remainder when 283581 is divided by 141762.
57
Calculate the remainder when 61992 is divided by 253.
7
Calculate the remainder when 353560 is divided by 335.
135
What is the remainder when 168078297 is divided by 194?
189
What is the remainder when 33551749 is divided by 780273?
10
Calculate the remainder when 8441924 is divided by 4390.
4344
What is the remainder when 97123 is divided by 4407?
169
Calculate the remainder when 304255 is divided by 2582.
2161
Calculate the remainder when 1255673 is divided by 4228.
4185
What is the remainder when 287270089 is divided by 7740?
7729
What is the remainder when 1196276 is divided by 1875?
26
What is the remainder when 35948 is divided by 2041?
1251
Calculate the remainder when 3726498 is divided by 3052.
6
What is the remainder when 268882486 is divided by 1692?
1690
Calculate the remainder when 112828 is divided by 37360.
748
Calculate the remainder when 2716819 is divided by 51.
49
What is the remainder when 8660092 is divided by 259?
168
Calculate the remainder when 1569728 is divided by 174412.
20
What is the remainder when 22783576 is divided by 1139178?
16
What is the remainder when 2062016 is divided by 62485?
11
Calculate the remainder when 6445 is divided by 3683.
2762
Calculate the remainder when 2641454 is divided by 43302.
32
Calculate the remainder when 226490 is divided by 203.
145
What is the remainder when 18216881 is divided by 295?
41
Calculate the remainder when 1730655 is divided by 812.
283
What is the remainder when 463128 is divided by 38588?
72
What is the remainder when 158719901 is divided by 135?
131
What is the remainder when 10464 is divided by 5274?
5190
Calculate the remainder when 102554 is divided by 91.
88
Calculate the remainder when 3508203 is divided by 43311.
12
What is the remainder when 109508 is divided by 1826?
1774
Calculate the remainder when 2242508 is divided by 20378.
928
What is the remainder when 24156978 is divided by 102?
12
What is the remainder when 481610 is divided by 78?
38
What is the remainder when 37175 is divided by 8358?
3743
Calculate the remainder when 6758396 is divided by 675839.
6
What is the remainder when 340042 is divided by 2933?
2747
What is the remainder when 999781 is divided by 4114?
79
What is the remainder when 738818 is divided by 49185?
1043
Calculate the remainder when 56952 is divided by 4084.
3860
Calculate the remainder when 389579 is divided by 98.
29
Calculate the remainder when 3879417 is divided by 52.
9
What is the remainder when 24458122 is divided by 3057264?
10
What is the remainder when 33036370 is divided by 3670706?
16
What is the remainder when 531683 is divided by 2798?
63
Calculate the remainder when 5420415 is divided by 196.
35
Calculate the remainder when 360133940 is divided by 186.
182
Calculate the remainder when 184528 is divided by 36807.
493
Calculate the remainder when 105471 is divided by 180.
171
Calculate the remainder when 3177195 is divided by 19.
15
What is the remainder when 95725 is divided by 29761?
6442
What is the remainder when 5151426 is divided by 1717140?
6
What is the remainder when 5455053 is divided by 274?
261
What is the remainder when 104482195 is divided by 27810?
25
Calculate the remainder when 40651210 is divided by 322.
320
Calculate the remainder when 98013 is divided by 7517.
292
Calculate the remainder when 1516507 is divided by 1829.
266
Calculate the remainder when 49340 is divided by 671.
357
What is the remainder when 4332138 is divided by 23?
19
What is the remainder when 270555 is divided by 54110?
5
What is the remainder when 308158 is divided by 4585?
963
Calculate the remainder when 231151 is divided by 57571.
867
What is the remainder when 347226 is divided by 341571?
5655
Calculate the remainder when 805387 is divided by 930.
7
Calculate the remainder when 11655680 is divided by 116.
0
Calculate the remainder when 185566933 is divided by 34.
33
What is the remainder when 2658224 is divided by 78183?
2
What is the remainder when 1101171 is divided by 22?
5
What is the remainder when 4131272 is divided by 17001?
29
Calculate the remainder when 41650084 is divided by 6031.
6029
What is the remainder when 147386 is divided by 35819?
4110
What is the remain